**3 + 128*l**2 + 1031*l - 1795. Calculate o(-9).
23
Let q(l) = -122761*l**2 - 1595900*l - 99. Calculate q(-13).
-8
Let a(d) = 2*d**2 + 214*d - 4644. Determine a(23).
1336
Let d(v) = -16*v**2 + 4827*v + 16174. What is d(305)?
9
Let z(y) = -114*y - 45301. Calculate z(-397).
-43
Let n(d) = 936*d + 87806. Give n(-94).
-178
Let x(g) = 52*g - 168. Give x(5).
92
Let j(a) = 5*a**3 - 2769*a**2 - 518*a - 19941. Give j(554).
3
Let l(a) = a**3 + 68*a**2 - 823*a - 66163. Determine l(-65).
7
Let n(w) = 208*w + 630. Determine n(-5).
-410
Let m(n) = 1618*n - 24278. Give m(15).
-8
Let p(g) = g**3 - 26*g**2 + 20*g + 160. Determine p(25).
35
Let j(u) = -5450*u - 21536. Calculate j(-4).
264
Let s(k) = -2*k**2 + 170*k + 107790. What is s(278)?
482
Let q(m) = -22*m**2 + 484*m + 93. Determine q(21).
555
Let a(k) = 4160*k - 199771. Give a(48).
-91
Let p(v) = 2*v**2 - 984*v - 4954. Determine p(-5).
16
Let j(z) = 3*z**3 - 233*z + 14. Give j(-9).
-76
Let h(c) = -c**2 + 6901*c - 1262014. Calculate h(188).
30
Let v(p) = -434*p - 21312. What is v(-57)?
3426
Let z(w) = 1547*w**2 + 1214397*w + 1567. Determine z(-785).
-3
Let k(z) = 3*z**3 - 798*z**2 - 44134*z + 315. Determine k(313).
2
Let t(q) = 2538*q + 25823. Calculate t(-10).
443
Let s(q) = -622*q + 6272. Calculate s(12).
-1192
Let a(j) = -14*j + 3958. Give a(262).
290
Let l(j) = -177332*j + 106044539. Give l(598).
3
Let d(h) = 2*h**3 + 341*h**2 + 8084*h - 1346. Determine d(-142).
74
Let m(a) = 1397*a + 17902. What is m(-13)?
-259
Let x(s) = 420*s - 6144. Give x(18).
1416
Let o(f) = 69*f**2 + 684*f + 610. What is o(-1)?
-5
Let u(y) = 139*y + 40726. Give u(-293).
-1
Let h(d) = 3*d**3 - 18*d**2 + 11*d - 7. What is h(6)?
59
Let t(d) = 1145*d - 5212. Determine t(3).
-1777
Let d(s) = -s**2 + 877*s - 25532. Determine d(30).
-122
Let p(s) = -s**2 - 13771*s + 137725. Calculate p(10).
-85
Let n(j) = 14*j**2 - 25921*j - 155882. What is n(-6)?
148
Let v(k) = -26*k**3 - 33*k**2 - 63*k - 6. Calculate v(-2).
196
Let j(t) = -t**3 - 95*t**2 - 243*t - 5412. Determine j(-93).
-111
Let k(w) = 155*w - 2779. Determine k(18).
11
Let v(f) = -f**3 - 57*f**2 - 271*f - 147. What is v(-5)?
-92
Let v(p) = -p**3 + 25*p**2 - 53*p + 306. Determine v(26).
-1748
Let q(m) = 2*m**3 + 108*m**2 - 116*m - 507. What is q(-55)?
-177
Let o(n) = -4*n**3 - 4*n**2 - 1520*n - 7516. Give o(-5).
484
Let g(o) = o**2 - 324*o - 253598. Give g(-367).
-1
Let o(r) = -r**3 + 19*r**2 + 1955*r - 32051. Calculate o(16).
-3
Let a(m) = -m**3 + 32*m**2 + 400*m + 78. Calculate a(41).
1349
Let o(a) = 2*a**3 - 12*a**2 - 53*a + 403. Give o(10).
673
Let r(a) = -32018*a - 64043. Calculate r(-2).
-7
Let d(t) = -2*t**3 + 44*t**2 - 172*t - 282. Calculate d(7).
-16
Let d(o) = 2*o**3 - 185*o**2 - 294*o + 1142. Determine d(94).
14
Let u(m) = -2*m**3 - 137*m**2 - 2360*m - 609. Calculate u(-33).
-48
Let s(v) = 6*v**3 + 512*v**2 - 3094*v + 3. Calculate s(-91).
3
Let g(o) = 260*o**3 + 199*o - 394. Give g(2).
2084
Let p(g) = 2192*g - 1556297. Calculate p(710).
23
Let q(g) = -487*g - 5815. Determine q(-12).
29
Let y(a) = 9*a**2 + 1193*a + 586. Determine y(-132).
-74
Let a(q) = 5*q**2 + 151*q - 270. Calculate a(-28).
-578
Let c(f) = 46*f + 7786. Give c(-169).
12
Let y(d) = -3641*d - 21859. Determine y(-7).
3628
Let a(x) = -x**3 - 11*x**2 - 47*x + 143. Calculate a(3).
-124
Let c(z) = -37574*z - 413317. Give c(-11).
-3
Let i(l) = -9*l**3 - 177*l**2 - 305*l - 633. Determine i(-18).
-3
Let x(k) = 11*k**3 - 38*k**2 - 88*k + 303. Give x(4).
47
Let x(i) = -i**2 - 110*i + 2861. What is x(16)?
845
Let d(z) = -z**2 - z + 11590. Give d(107).
34
Let m(g) = -12092*g - 24217. Give m(-2).
-33
Let m(z) = 3*z**3 - 399*z**2 - 2071*z + 403. Give m(138).
265
Let p(v) = -4080*v + 44880. Give p(11).
0
Let a(o) = -o**3 - 75*o**2 - 12*o - 1417. Calculate a(-75).
-517
Let m(v) = 1568*v**2 - 3077*v - 4. Determine m(2).
114
Let q(w) = -w**3 + 93*w**2 - 1789*w + 113. What is q(27)?
-76
Let g(r) = 40*r**2 + 4135*r - 4. What is g(-103)?
-1549
Let m(s) = 4*s**3 - 8*s**2 - 10*s + 2158. Determine m(0).
2158
Let d(y) = 333*y - 60980. Determine d(183).
-41
Let y(k) = -5606*k + 27994. Give y(5).
-36
Let d(l) = -l**3 + 270*l**2 + 431*l + 30726. Determine d(272).
-10
Let h(p) = 956*p + 152018. What is h(-159)?
14
Let m(z) = -2*z**2 - 10044*z + 70375. Determine m(7).
-31
Let d(l) = -3*l**3 + 167*l**2 - 714*l + 20. Give d(51).
20
Let a(v) = -2*v**2 + 147*v + 917. Give a(-6).
-37
Let g(a) = -10*a**2 + 96*a + 1621. What is g(-9)?
-53
Let a(j) = 44*j**2 + 367*j - 26353. What is a(-29)?
8
Let t(p) = 10*p**2 - 179*p - 1405. What is t(28)?
1423
Let r(w) = 726*w + 5082. Determine r(-7).
0
Let z(j) = -527*j + 71811. Calculate z(137).
-388
Let o(s) = s**3 - 57*s**2 + 22*s + 1564. Give o(56).
-340
Let n(p) = -3368*p + 3263587. Calculate n(969).
-5
Let j(q) = 3*q**2 - 725*q + 23519. Give j(203).
-29
Let n(u) = 113767*u + 1365193. Give n(-12).
-11
Let v(c) = c**2 - 204*c + 6999. Give v(155).
-596
Let p(j) = -466*j - 31498. What is p(-76)?
3918
Let a(c) = 9*c**3 + 566*c**2 - 226*c - 10273. Determine a(-63).
-4
Let w(g) = g**3 - 26*g**2 - 573*g - 6861. Calculate w(43).
-67
Let p(j) = -j**3 + 380*j**2 + 3144*j - 15024. Determine p(388).
496
Let l(t) = 741*t - 23690. Give l(30).
-1460
Let m(d) = -d**3 - 209*d**2 + 240587*d + 3059. What is m(-606)?
29
Let g(h) = -480*h - 8274. What is g(-17)?
-114
Let p(d) = 6*d**2 + 21*d + 172. Give p(-15).
1207
Let f(b) = 3*b**2 + 103*b - 8822. What is f(44)?
1518
Let v(f) = -5*f**2 - 212*f - 1453. Determine v(-7).
-214
Let g(j) = -3*j**3 + 69*j**2 + 56*j - 1308. Determine g(23).
-20
Let p(m) = -m**3 - 183*m**2 - 3785*m - 159854. Determine p(-166).
4
Let n(f) = -120*f + 735. Give n(7).
-105
Let m(p) = 425*p**2 - 6064*p + 1605. Determine m(14).
9
Let y(n) = 16*n**2 + n - 279. What is y(5)?
126
Let f(z) = -z**2 - 2287*z + 556993. What is f(222)?
-5
Let y(i) = 8*i**2 - 41339*i + 206661. Calculate y(5).
166
Let y(p) = -9*p**3 + p**2 - 410*p - 415. Calculate y(-1).
5
Let i(t) = -3*t**2 + 2681*t - 23937. Calculate i(9).
-51
Let z(s) = -s**2 - 820*s - 168299. Determine z(-396).
-395
Let t(c) = -99*c - 3930. Calculate t(-61).
2109
Let s(v) = -3299*v + 62628. Determine s(19).
-53
Let r(d) = -10*d**3 + 116*d**2 + 806*d - 9596. Give r(11).
-4
Let q(d) = 8*d**2 - 1766*d - 2247. Give q(222).
-27
Let a(l) = -l**3 + 457*l**2 + 31*l - 11975. What is a(457)?
2192
Let i(n) = 5032*n - 196265. Calculate i(39).
-17
Let g(i) = -11*i**3 + 114*i**2 - 5*i - 145. What is g(10)?
205
Let f(d) = -d**3 - 229*d**2 - 503*d - 11085. Give f(-227).
38
Let k(d) = 23*d**2 - 93*d - 43. Give k(-6).
1343
Let n(p) = 148*p + 10379. Determine n(-83).
-1905
Let p(u) = -6*u**3 - 18*u**2 + 63*u + 324. Give p(-7).
1059
Let m(h) = 893*h**2 - 14*h + 21. Determine m(0).
21
Let j(v) = 5811*v - 22102. What is j(4)?
1142
Let y(c) = c**3 + c**2 + c + 2040. Determine y(-13).
-1
Let z(m) = -389*m**2 - 1018*m - 3055. Calculate z(-3).
-3502
Let z(n) = -1789*n**3 - 3*n**2 + 11*n + 14. Determine z(-1).
1789
Let w(v) = -v**2 + 983*v + 7014. Determine w(-7).
84
Let l(q) = 97*q**2 + 1849*q + 394. Calculate l(-19).
280
Let o(u) = 781*u - 266910. What is o(342)?
192
Let q(p) = 1703*p + 11949. Give q(-7).
28
Let y(t) = 243*t - 290. What is y(1)?
-47
Let i(a) = 2169*a + 17149. What is i(-8)?
-203
Let z(j) = j**3 - 241*j**2 - 31469*j + 1977. Determine z(-94).
3
Let u(s) = s**3 - 162*s**2 + 198*s - 6002. Calculate u(161).
-45
Let l(w) = w**2 - 306*w - 96244. What is l(-193)?
63
Let l(g) = -6*g**2 - 29728*g + 89223. Determine l(3).
-15
Let h(i) = 2730*i**3 + 2*i**2 - 1035*i + 1034. What is h(1)?
2731
Let c(v) = 2*v**2 + 1947*v - 60208. What is c(30)?
2
Let u(d) = -2*d**3 + 547*d**2 + 4531*d + 225. Determine u(-8).
9
Let g(c) = c**3 + 158*c**2 + 15*c - 69758. Give g(-155).
-8
Let c(k) = 298*k**2 - 2761*k - 141. What is c(9)?
-852
Let i(l) = -119*l + 1521. Give i(13).
-26
Let y(l) = 2476*l + 29552. Determine y(-12).
-160
Let o(x) = 23*x**3 + 3*x**2 - 37*x - 115. What is o(-3)?
-598
Let b(c) = -80*c**2 - 2247*c - 194. What is b(-28)?
2
Let j(p) = p**2 - 677*p + 31056. Give j(50).
-294
Let t(w) = -w**3 + 27*w**2 + 555*w + 460. Determine t(-13).
5
Let c(b) = -b**2 + 193*b + 11046. Calculate c(-47).
-234
Let y(g) = -g**3 - 14*g**2 + 395*g - 524. Give y(-28).
-608
Let o(b) = b**2 + 204*b +